970094?
0
What is the tens digit of 216892786?
8
What is the units digit of 14141802?
2
What is the thousands digit of 78212248?
2
What is the tens digit of 34908551?
5
What is the tens digit of 740302592?
9
What is the tens digit of 28336757?
5
What is the ten millions digit of 571335811?
7
What is the hundred thousands digit of 318545271?
5
What is the millions digit of 281691789?
1
What is the ten millions digit of 387157163?
8
What is the thousands digit of 973427927?
7
What is the hundred thousands digit of 496390379?
3
What is the ten thousands digit of 33920143?
2
What is the hundreds digit of 62978228?
2
What is the thousands digit of 210145427?
5
What is the tens digit of 39152660?
6
What is the ten millions digit of 28854386?
2
What is the tens digit of 42495142?
4
What is the ten millions digit of 214018515?
1
What is the tens digit of 12578183?
8
What is the hundred thousands digit of 513540401?
5
What is the ten millions digit of 2237235439?
3
What is the millions digit of 962879758?
2
What is the tens digit of 1204438951?
5
What is the units digit of 136333113?
3
What is the hundreds digit of 225411518?
5
What is the hundred millions digit of 2059434949?
0
What is the hundred thousands digit of 29613041?
6
What is the hundred thousands digit of 1355190420?
1
What is the units digit of 193881983?
3
What is the ten thousands digit of 1073249100?
4
What is the ten thousands digit of 1486102446?
0
What is the hundred thousands digit of 137682384?
6
What is the ten thousands digit of 207246541?
4
What is the hundred thousands digit of 378527224?
5
What is the units digit of 3647186233?
3
What is the tens digit of 48887653?
5
What is the units digit of 483477491?
1
What is the units digit of 69831644?
4
What is the ten thousands digit of 64716?
6
What is the hundred millions digit of 3903632041?
9
What is the ten thousands digit of 1522679568?
7
What is the tens digit of 508411387?
8
What is the thousands digit of 261572091?
2
What is the thousands digit of 103065527?
5
What is the hundred millions digit of 496201606?
4
What is the ten millions digit of 73178394?
7
What is the millions digit of 381152445?
1
What is the hundreds digit of 16945293?
2
What is the hundred thousands digit of 155541067?
5
What is the thousands digit of 128979040?
9
What is the millions digit of 121636908?
1
What is the ten thousands digit of 28211534?
1
What is the billions digit of 1582750419?
1
What is the hundred thousands digit of 726151409?
1
What is the units digit of 3586060578?
8
What is the hundreds digit of 116573837?
8
What is the thousands digit of 137179735?
9
What is the hundred thousands digit of 3814646413?
6
What is the hundred thousands digit of 56353796?
3
What is the thousands digit of 81251146?
1
What is the thousands digit of 151190514?
0
What is the ten millions digit of 1201358542?
0
What is the ten millions digit of 735809439?
3
What is the ten millions digit of 4983553044?
8
What is the millions digit of 133028200?
3
What is the millions digit of 3105006299?
5
What is the millions digit of 54825883?
4
What is the ten millions digit of 97632668?
9
What is the hundred thousands digit of 287292701?
2
What is the tens digit of 66560928?
2
What is the billions digit of 2205758780?
2
What is the ten millions digit of 1762112974?
6
What is the ten millions digit of 973204108?
7
What is the hundred millions digit of 128659953?
1
What is the tens digit of 49827908?
0
What is the hundred millions digit of 3168033423?
1
What is the millions digit of 211989209?
1
What is the ten thousands digit of 374918646?
1
What is the ten millions digit of 6283423187?
8
What is the hundred thousands digit of 40081618?
0
What is the thousands digit of 7595858742?
8
What is the hundreds digit of 113792373?
3
What is the hundred millions digit of 835741461?
8
What is the tens digit of 113677384?
8
What is the hundreds digit of 704970273?
2
What is the millions digit of 179748103?
9
What is the tens digit of 5518663?
6
What is the hundred thousands digit of 160205254?
2
What is the hundreds digit of 324122052?
0
What is the ten millions digit of 270768880?
7
What is the hundred thousands digit of 3809816440?
8
What is the ten thousands digit of 1004954267?
5
What is the hundred thousands digit of 802118729?
1
What is the hundreds digit of 296106061?
0
What is the ten thousands digit of 44500532?
0
What is the units digit of 45714215?
5
What is the ten thousands digit of 60416222?
1
What is the hundred millions digit of 639124079?
6
What is the billions digit of 1645263522?
1
What is the tens digit of 199026523?
2
What is the millions digit of 2287476757?
7
What is the tens digit of 449759857?
5
What is the units digit of 6931276?
6
What is the units digit of 95004456?
6
What is the millions digit of 11899488?
1
What is the ten thousands digit of 322373889?
7
What is the ten millions digit of 3226131274?
2
What is the hundred millions digit of 458898059?
4
What is the hundred millions digit of 8065949212?
0
What is the thousands digit of 6749139?
9
What is the hundred thousands digit of 1746206234?
2
What is the units digit of 1109393179?
9
What is the hundred thousands digit of 245441448?
4
What is the millions digit of 13070434?
3
What is the hundred millions digit of 308421123?
3
What is the hundreds digit of 52859627?
6
What is the thousands digit of 384247395?
7
What is the thousands digit of 367022533?
2
What is the thousands digit of 44648495?
8
What is the tens digit of 67791192?
9
What is the tens digit of 1842794736?
3
What is the thousands digit of 812888423?
8
What is the units digit of 90742374?
4
What is the ten millions digit of 34990659?
3
What is the ten thousands digit of 16374880?
7
What is the billions digit of 2876638209?
2
What is the billions digit of 1522932186?
1
What is the hundred thousands digit of 8868743230?
7
What is the millions digit of 316639814?
6
What is the hundred thousands digit of 422036528?
0
What is the hundred thousands digit of 2439211780?
2
What is the thousands digit of 1002021999?
1
What is the millions digit of 38916575?
8
What is the hundred thousands digit of 81073557?
0
What is the ten millions digit of 86335182?
8
What is the ten millions digit of 3720040131?
2
What is the ten thousands digit of 35810595?
1
What is the units digit of 1590789326?
6
What is the tens digit of 37376784?
8
What is the ten millions digit of 79624729?
7
What is the units digit of 107833878?
8
What is the units digit of 771398906?
6
What is the millions digit of 376850751?
6
What is the thousands digit of 500679016?
9
What is the tens digit of 5873069003?
0
What is the thousands digit of 276958828?
8
What is the millions digit of 3566424968?
6
What is the thousands digit of 366753680?
3
What is the ten millions digit of 3969748915?
6
What is the thousands digit of 1753444343?
4
What is the hundred thousands digit of 3529891435?
8
What is the hundred millions digit of 2140102165?
1
What is the hundreds digit of 987938716?
7
What is the hundred millions digit of 1133167839?
1
What is the ten millions digit of 57407902?
5
What is the hundred thousands digit of 165878423?
8
What is the ten thousands digit of 127775155?
7
What is the hundred thousands digit of 2832281011?
2
What is the hundred thousands digit of 1976520464?
5
What is the hundred thousands digit of 1169113302?
1
What is the ten thousands digit of 436682667?
8
What is the tens digit of 86895234?
3
What is the ten thousands digit of 49089957?
8
What is the ten thousands digit of 1349833?
4
What is the hundred thousands digit of 3877193548?
1
What is the billions digit of 2140358518?
2
What is the tens digit of 1500076988?
8
What is the millions digit of 46335315?
6
What is the units digit of 257411175?
5
What is the billions digit of 3745661756?
3
What is the units digit of 62737934?
4
What is the thousands digit of 1360083429?
3
What is the ten thousands digit of 11187715?
8
What is the hundred thousands digit of 11690048?
6
What is the hundred millions digit of 480515188?
4
What is the hundreds digit of 45295091?
0
What is the thousands digit of 5443018772?
8
What is the thousands digit of 64886106?
6
What is the units digit of 1153235672?
2
What is the hundred thousand